9/(-4)*(-27 + 143/13). Let l = -185 + 434. Let j = x - l. What are the prime factors of j?
107
Suppose 8337459 = 151*l + 582552. List the prime factors of l.
3, 17, 19, 53
Let o(n) = 7*n - 60. Let z be o(9). Suppose -7*f + 10*f - 74 = -u, 0 = -z*f - 3*u + 78. List the prime factors of f.
2, 3
Suppose 13985 + 9939 - 5121 = b. What are the prime factors of b?
18803
Let i(d) = d**2 + 26*d + 62. Let z be i(-23). Let v = 248 + z. List the prime factors of v.
241
Let z(n) = -4*n + 17 - 26 - 17. Let m be z(-7). Suppose -3 = -m*i + 143. List the prime factors of i.
73
Let z(m) = -m**3 - 6*m**2 - 2*m - 18. Let n be z(-6). Let w be 8/12 - (80/n - -4). List the prime factors of 188 - ((-5)/w)/(2/4).
3, 7
Let s(c) = 2*c**3 - 4*c**2 + 6*c + 1. Let v be s(6). Let b = -52 - -56. Suppose -w - v = -b*w - 4*g, -10 = 5*g. List the prime factors of w.
3, 37
Let d(z) = 1968*z**2 - 23*z - 57. What are the prime factors of d(-2)?
7, 1123
Let j be 3188 - (81/6)/(-9)*-2. Suppose 4*h - 5*l + j = 9*h, 2*l = 10. What are the prime factors of h?
2, 79
Let w = 947 - 313. Let n = w - 357. List the prime factors of n.
277
Let i be -3 - (-6)/12*-548. Let x = 150 + i. Let u = x - -194. List the prime factors of u.
67
Let d(t) = 1277*t**2 - 154*t + 1218. What are the prime factors of d(7)?
7, 17, 31
Let o = 16329 + -7905. What are the prime factors of o?
2, 3, 13
Suppose -733*v - n + 3657 = -730*v, 2466 = 2*v - 4*n. List the prime factors of v.
3, 11, 37
Let y(v) = v**2 - 5*v - 1. Let n be y(-5). Let k = -66 + n. Let f = 2 - k. What are the prime factors of f?
19
Suppose -70*y - 135 = -73*y. Suppose y = 2*m + 43. What are the prime factors of (388/2 - 3) + 0 + m?
2, 3
Suppose 3*h + 2*g = 329, 0 = -h - h + 3*g + 215. Suppose -2*k - 7 = -h. What are the prime factors of k?
3, 17
Let t(k) = k + 4. Let d be t(0). List the prime factors of 70/d*(22/(-10) - -3).
2, 7
Let y = 74556 + -15719. What are the prime factors of y?
17, 3461
Suppose 6*r + 132 + 366 = 0. Suppose -d + 4*d = -468. Let i = r - d. List the prime factors of i.
73
Let p(x) = -407*x + 344. List the prime factors of p(-21).
17, 523
Suppose -6*l + 15224 = 6224. List the prime factors of l.
2, 3, 5
Suppose 1044 - 6616 = -4*q. Suppose 0 = 6*o - q + 559. List the prime factors of o.
139
Let z be -7 - ((-140)/105)/(((-12)/9)/(-4)). Suppose -4*x = 3*g - 42, -x = 2*g - 0*g - 23. What are the prime factors of (1710/(-25))/(z/g)?
2, 3, 19
Suppose 9 = 5*c - 0*c + 3*y, c - 6 = -2*y. Suppose c = -10*j + 2650 - 230. List the prime factors of j.
2, 11
Let t(d) = -28 - 25 - 19 + d**2 + 20*d - 11. What are the prime factors of t(-27)?
2, 53
Let d(x) = 13*x**2 - 3*x - 37. Let i be d(6). Suppose -2*l + 3*y = -354, 96 + i = 3*l + y. What are the prime factors of l?
3, 19
Let n(v) = 37*v + 58. Suppose 5*w = -2*s + 3*s + 68, -3*w - 2*s + 46 = 0. What are the prime factors of n(w)?
2, 3
Let k be (-15)/20 + 4/((-64)/(-13420)). Let z = k - 289. What are the prime factors of z?
3, 61
Let s(k) = 16*k - 70. Let w = 36 + -28. Let c be ((-4)/w)/((1/42)/(-1)). What are the prime factors of s(c)?
2, 7, 19
Let l be -2154*((6 - -1) + -9). Suppose -r = 4*z - 5*r - 3456, -5*z = -r - l. List the prime factors of z.
3, 7, 41
Suppose -2*u + 7*u - p = -36, 4*p - 24 = 5*u. List the prime factors of (-2294)/u - (-6)/24.
7, 41
Let w = -13031 - -16159. List the prime factors of w.
2, 17, 23
Suppose 76*g = -34*g + 1877590. What are the prime factors of g?
13, 101
Let y(i) = i**3 - 5*i**2 - 3*i + 10. Let t be y(5). Let m(j) = -3*j**3 - 5*j**2 - 7*j + 6. What are the prime factors of m(t)?
3, 97
Let j = 627 - -2066. What are the prime factors of j?
2693
Suppose 9*h - 28 = 5*h. Suppose h*j = -j + 184. Suppose j*d - 236 = 19*d. List the prime factors of d.
59
List the prime factors of ((-7)/(245/(-50)))/(4/20762).
5, 1483
Let p(u) = u**3 + 4*u**2 + 2*u - 2. Let h be p(-3). Let k be (2/4)/(h/((-24)/(-4))). What are the prime factors of (-2)/k - (-1 + (-118)/6)?
2, 5
Suppose -13724*s + 292897 = -13713*s. List the prime factors of s.
26627
Suppose 5*h - 2*h + f + 131 = 0, 0 = 4*f + 20. Suppose 5*u = 4*u - 116. Let v = h - u. List the prime factors of v.
2, 37
Suppose -153 = -30*v + 10*v - 93. Suppose 0 = 4*n - n - 915. Suppose v*j = 5*z + 468, 5*j = 3*j + z + n. List the prime factors of j.
151
Suppose 0 = 49*c - 16*c - 11*c - 603658. List the prime factors of c.
23, 1193
Let q(w) = -53*w + 1726. What are the prime factors of q(-66)?
2, 653
Let s(i) = i - 5. Let v be s(10). Suppose -v*j + 24 = 4. Suppose -j*c = -2*h - 854, 5*c - 167 - 893 = 4*h. List the prime factors of c.
2, 3
Let k = -112 + 209. Suppose m = -0*m - 17. Let y = k + m. What are the prime factors of y?
2, 5
Let o(p) = -7*p**3 - 2*p**2 - 14*p - 1. Suppose 2*i + 18 = -4*g, 9 - 21 = 4*i - 4*g. What are the prime factors of o(i)?
2, 3, 149
Let z(p) = 16*p + 160. Let r be z(-9). Let t(y) = 2*y**2 - 13*y + 19. What are the prime factors of t(r)?
17, 19
Let t be (-15)/10 + 188/(-8). Let z be (-22160)/t + (-4)/10. Suppose z = 4*o + 5*s - 3*s, -o + s = -226. What are the prime factors of o?
223
Let o(u) = 8365*u + 105. What are the prime factors of o(4)?
5, 7, 137
Suppose 4*s + i - 259 = 0, 0 = -5*s - 3*i - i + 310. Let z(k) = k**3 + 4*k**2 - 6*k + 7. Let b be z(-5). List the prime factors of b + (-24)/(-11) + (-12)/s.
2, 7
Let g = 28127 - -157. List the prime factors of g.
2, 3, 2357
Suppose 0 = 5*q - 4*h + 2812, -q - h = -0*h + 566. List the prime factors of (-6*(-1)/2)/((-6)/q).
2, 3, 47
Let w(c) = -c**3 + 15*c**2 + 13*c + 16. Let q be w(16). Let r(z) = -62*z - 8. Let a be r(-2). Let j = a + q. List the prime factors of j.
2, 3, 7
Let r(f) = -2*f + 37. Let w be r(14). Let j be (w/(-6))/(2*(-9)/1320). Suppose -2*c + j = -166. List the prime factors of c.
2, 3, 23
Let q be ((-6)/(-9) - 2)/(86/1677). What are the prime factors of (q/(-1))/(11*1/154)?
2, 7, 13
List the prime factors of (4/10)/((-1941522)/728145 - 16/(-6)).
1471
Let q(y) = 4131*y + 535. What are the prime factors of q(5)?
2, 5, 13, 163
List the prime factors of 84/(-798) - ((-1271387)/19 - -5).
2, 5, 6691
Let s(y) = -y**3 - 5*y**2 - 4*y + 15. Let m(v) = -5*v - 132. Let l be m(-25). List the prime factors of s(l).
3, 47
Suppose -3555 - 11265 = -20*b. Let w = b + -504. List the prime factors of w.
3, 79
Let f = 1420 - 906. Let n = f - -66. List the prime factors of n.
2, 5, 29
Let b(j) = -45*j - 46. Let r be b(-16). Suppose u - r = -3*a + 363, -5*a + 2*u = -1743. List the prime factors of a.
347
Suppose -68*c + 281*c = 2946429. What are the prime factors of c?
3, 29, 53
Let w = 36773 - 25099. List the prime factors of w.
2, 13, 449
Let o be 4*2/(-60) + (-1556)/30. Let u = -131 - o. Let c = u + 145. List the prime factors of c.
2, 3, 11
Let r(y) = 21*y + 23. Let q(v) = -10*v - 11. Let g(j) = -11*q(j) - 6*r(j). Let a be g(-7). Suppose 100*l - 690 = a*l. What are the prime factors of l?
2, 3, 23
Suppose 7*t - 14*t + 232008 = 14*t. List the prime factors of t.
2, 1381
Suppose 8*r - 5 = 7*r, -4*r - 75845 = -5*j. What are the prime factors of j?
15173
Suppose 7*n = 6*n - 1. Let f(k) = 267*k**2 + 5*k + 6. List the prime factors of f(n).
2, 67
Suppose 427 - 67 = 2*y. Let j(x) = -126*x + 4524. Let v be j(33). Suppose v = 2*p + 4*u, -p + 2*p - y = u. List the prime factors of p.
181
Suppose 40182 = 27*f - 8742. What are the prime factors of f?
2, 3, 151
Let k = -24 + -10. Let h = -24 - k. Suppose 3*m = h*m - 469. List the prime factors of m.
67
Let v = 87 - 76. Suppose -6*r - 4*z = -v*r + 7, r = -z + 5. Suppose 286 = 2*g - 4*i, g + r*i = -0*i + 163. What are the prime factors of g?
151
Let q(i) = -341*i - 46. Let r be q(-25). Suppose -50463 = -41*h - r. What are the prime factors of h?
2
Let s be (-2944)/(-10) + (-2)/5. Let t = s + 151. Suppose -2*j - 3*j + t = 0. List the prime factors of j.
89
Let q(g) = -14*g**3 + g**2 - 2*g - 3. Let i be (-1 - 23)*4/6. Let y = -18 - i. What are the prime factors of q(y)?
3, 13
What are the prime factors of (-13)/((-143)/6) - 4*916615/(-110)?
2, 13, 641
Suppose 0 = -12*z + 20117 + 116475 + 45568. List the prime factors of z.
2, 3, 5, 11, 23
Let y be (-6)/(-45) + 124/(-30). Suppose -5*l + 70 = -5*k, l - 14 = -k - 0*k. What are the prime factors of (24/l)/(y/(-84))?
2, 3
Let r = -186 + 336. Suppose 2*v = -j + 130, 3*j -